 5*b = -3*j + 13. Suppose j*s = 2*s + 855. What are the prime factors of s?
5, 19
Let t = 71 - -338. List the prime factors of t.
409
Suppose -4*h = -5*h + 4. Suppose 2*t - 11 = 3*g, 3*g + 5 = -0*g - h*t. What are the prime factors of 5*(-4)/15*g?
2
Suppose -4*k + 88 = -0*k. Suppose -2*o = 2*b + 4 - 2, -3*o = -2*b - k. Suppose -o*f = -5*m + 136, m + 3*m - 5*f - 116 = 0. What are the prime factors of m?
2, 3
Let j(y) = y**3 + 9*y**2 + 7*y - 9. Let g be j(-8). Let a be 20/(-2)*g/5. Suppose 88 = a*c - 60. What are the prime factors of c?
2, 37
Let j(m) be the third derivative of m**5/6 + m**4/24 + 2*m**3/3 + 23*m**2. What are the prime factors of j(-2)?
2, 3, 7
Let j(f) = -11*f - 8*f + 9 - 11*f + 11*f**2 + 25*f + f**3. Suppose -79*a + 80*a = -11. List the prime factors of j(a).
2
Suppose -4*d = -2799 + 303. What are the prime factors of d?
2, 3, 13
List the prime factors of -6 + 70/12 + (-10516)/(-24).
2, 3, 73
Suppose 0 = 2*g - 5*j - 1, -2*g - 2*g - 2*j - 58 = 0. Let d(y) = y**3 + 11*y**2 - 11*y + 15. Let a be d(g). Let p = a - -23. What are the prime factors of p?
2, 13
Suppose 2*o - 6141 = 113*z - 110*z, 2*z - 6156 = -2*o. List the prime factors of o.
3, 5, 41
Suppose 0 = -q - 0*d - 3*d - 80, 0 = -2*q - 5*d - 158. Let z = 261 + q. List the prime factors of z.
11, 17
Suppose k - 135 = 6*k. Let y be (-100)/36 - (-6)/k. What are the prime factors of (-6)/(-9) - 124/y?
2, 3, 7
Let r(g) = -g**2 - 8*g - 15. Let n be r(5). Let c = n + 112. List the prime factors of c.
2
Let z = 799 - -283. What are the prime factors of z?
2, 541
Let w be ((-3)/2)/((-12)/56). Let a = w + -4. Suppose a*t - 30 = -3. List the prime factors of t.
3
Let a(p) = 23*p + 101. List the prime factors of a(17).
2, 3, 41
Suppose 138 = 2*i - 780. What are the prime factors of i?
3, 17
Suppose 5*n + 5 + 5 = 0, 18 = 4*p - 5*n. Suppose 0*f + p*k = -4*f + 1062, -k = f - 266. List the prime factors of f.
5, 53
Let x(i) be the third derivative of i**4/6 + i**3/6 + i**2. Let b be x(-4). Let f(w) = -w**3 - 15*w**2 - w + 1. List the prime factors of f(b).
2
Let m(r) = -7*r - 22. Let a be -10 + 0 + 0/7. List the prime factors of m(a).
2, 3
Suppose g - 5*t - 379 = 178, 0 = 4*g + 5*t - 2153. List the prime factors of g.
2, 271
Let v be 6/(-4) - (-21)/6. Suppose v*f - 5*n - 135 = -2*f, 2*n - 10 = 0. Let i = 60 - f. List the prime factors of i.
2, 5
Suppose -5*t + 2*u + 6211 = 0, 29*t - 25*t - 4958 = -2*u. List the prime factors of t.
17, 73
Let z be ((-3)/2)/(6/(-8)). Suppose -z = q + 2. Let g(s) = -s**3 - 4*s**2 - 3*s - 6. What are the prime factors of g(q)?
2, 3
What are the prime factors of 30/(4 - 14) + 2032?
2029
Let w(k) = 2*k**2 - 7*k + 4. Let l be w(3). Let x(t) = -t**2 + 8*t - l + 8 - 12. List the prime factors of x(7).
2
Suppose -a = -5*o - 0*o - 328, 5*o = -4*a + 1337. Let w = a + -214. What are the prime factors of w?
7, 17
Suppose 7*m - 45837 + 10179 = 0. List the prime factors of m.
2, 3, 283
Let f = 5749 + -2753. What are the prime factors of f?
2, 7, 107
Let p be 23/(4*(-1)/(-4)). Suppose -6*a - 5 = -p. What are the prime factors of a?
3
Let q = -14 - -17. Suppose 4*t + 12 = n, 2*n + 9 = -3*t + q*n. What are the prime factors of (-4)/6 + (-14)/t?
2
Let c be (20/(-4) - -5) + 28. Suppose 5*o - 4*o + 5*t - 2 = 0, -4*o + 84 = t. Let g = c - o. What are the prime factors of g?
2, 3
Suppose 27*d - 24*d = a - 3307, -a + 2*d + 3304 = 0. What are the prime factors of a?
2, 17, 97
Let h = -10 - -96. Let b = h + 9. What are the prime factors of b?
5, 19
Let a be ((-6)/12 - 1)/(3/(-370)). Let f = -106 + a. List the prime factors of f.
79
Let a(q) = q**2 + 2*q - 5. Let r be a(7). Suppose 7*m - 2*m - 2*f + 136 = 0, 4*m + 98 = -2*f. Let x = m + r. List the prime factors of x.
2
Let o(g) = -4*g - 3 + 0 + 1 + 8*g. Let c be o(1). Suppose -10 = -2*d, -c*f + 3*d - 15 = -4. List the prime factors of f.
2
Let g be (0/(-1))/(9 + -10). Let k(p) = -p**2 + 2*p + 107. What are the prime factors of k(g)?
107
Let y(s) = 7*s - 74*s**2 - 10 + 148*s**2 - 73*s**2. Let f be 1*-9*(3 - 2). What are the prime factors of y(f)?
2
Suppose 3*t = -4*l + t + 92, 2*l - 62 = -5*t. Let n = -63 + 75. Let f = l + n. What are the prime factors of f?
3, 11
Suppose 4*x - 1575 + 315 = 0. What are the prime factors of x?
3, 5, 7
Suppose 0 = -2*a - 234 + 1318. Suppose -4*f + a = 3*x, 5*x - 4*f = -7*f + 918. Suppose 0*y + x = 3*y. List the prime factors of y.
2, 31
Suppose 3*t - 22 = 35. Suppose 2*r + v = t, r + 3*v + v = 6. What are the prime factors of 246/r - 6/10?
2, 3
Let n be 1 + (46/(-2) - -3). Let j = n - -15. Let b = 21 + j. List the prime factors of b.
17
Let a(f) = 2*f**3 + 18*f**2 + 2*f + 4. List the prime factors of a(-7).
2, 3, 31
Let m be (-7)/(-2) + (-2)/(-4). Suppose -46 = 2*a + a - b, m*a = b - 61. List the prime factors of ((-19)/(-2))/(a/(-30)).
19
Suppose 1032*n - 1046*n + 24514 = 0. List the prime factors of n.
17, 103
List the prime factors of (5/10)/(3/42) + 1040.
3, 349
Suppose 9*c - 7*c + 270 = 0. Let i = 192 + c. List the prime factors of i.
3, 19
Let s be 16/(-20)*(-30)/(-4). Let z be (63/s)/((-6)/8). Suppose q = -q + z. List the prime factors of q.
7
Let k(a) = -56*a + 1468. List the prime factors of k(0).
2, 367
Suppose -11*f = 29 + 37. List the prime factors of (-1630)/15*f/4.
163
Let c(j) = 3*j**3 - j**2 + 3*j - 2. Let o = 25 - 9. Let n be (-2)/(-4) + 24/o. What are the prime factors of c(n)?
2, 3
List the prime factors of 1*7/(-14)*-1930.
5, 193
Let a(b) be the second derivative of b**4/12 - b**3/3 - b**2/2 - b. Let q be a(3). Let g(w) = 6*w**2 - 2*w - 1. What are the prime factors of g(q)?
19
Suppose -q + 5*g = 76, 0*q - 2*g = q + 83. Let w = q - -237. List the prime factors of w.
2, 3, 13
Let k(z) = -z**2 + 9*z - 8. Suppose -3*y + y - 13 = -m, 3*y = 5*m - 51. Let g be k(m). Let i(o) = -o**2 - 12*o - 11. What are the prime factors of i(g)?
3, 7
Let z(y) = y**3 + 15*y**2 - 36*y + 14. What are the prime factors of z(-17)?
2, 3
Let f = -11 - -4. Let q = -12 - f. What are the prime factors of 2/q - 864/(-60)?
2, 7
Let c = -1473 + 2636. What are the prime factors of c?
1163
Let i = 680 - 407. List the prime factors of i.
3, 7, 13
Suppose -2 = 2*h, -4280 = -4*u + 3*h + 3287. What are the prime factors of u?
31, 61
Suppose -5*t + 585 = 5*y, t - 49 - 77 = -4*y. Let s = t - 68. Suppose 0*o = -2*o + s. List the prime factors of o.
23
Suppose -882*y - 2439 = -883*y. What are the prime factors of y?
3, 271
Suppose -4*j + 4*x - 25 = 9*x, -5*j + x - 53 = 0. Let n(o) = -1 + 0*o + 2*o**3 - o - o**3 + 10*o**2. List the prime factors of n(j).
3
Let v = -88 - -128. Suppose v = 3*p + 5*h - 276, 0 = -4*p - h + 393. What are the prime factors of p?
97
List the prime factors of (-2)/(-20) - 11034/(-60).
2, 23
Let o(j) = 3*j**3 - j**2 + 14*j - 41. What are the prime factors of o(6)?
5, 131
Suppose -s = 2*x - 28, 2*x + 3*s = 7*x - 48. Suppose 5*o - 2*p = -22 + 5, -5*o + 4*p = 19. List the prime factors of o - x*2*-2.
3, 5
Suppose -20 = -2*d - 2*d. Suppose j - d*b + 7 = -0, 14 = 2*j + 4*b. Suppose 5*n = j*n + 78. List the prime factors of n.
3, 13
Suppose -292*c - 8826 = -298*c. What are the prime factors of c?
1471
Let w(u) = -2 - 5 - 11*u - 1 + u**3 + 6*u**2. Let f = -5 - 2. What are the prime factors of w(f)?
2, 5
Let o(x) = -2*x**3 - 4*x**2 - 2*x - 3. Let v be o(-3). Let k be v/((-3)/(-18)*-2). Let m = -44 - k. What are the prime factors of m?
19
Let f = -19 - -9. List the prime factors of (-5)/(f/48) - 1/1.
23
Let y be (-44)/(-16) - (-1)/4. Let l(p) = -p - y + 7 - p + 1. List the prime factors of l(-5).
3, 5
Let p(x) = 18*x - 87. What are the prime factors of p(10)?
3, 31
Suppose 2*b + 4*t + 72 = b, 4*b - 2*t + 306 = 0. Let j = b + 135. What are the prime factors of j?
59
Suppose -5*g + b = -2*b - 21, -b = 2*g - 4. Suppose -3*x = 4*d - 605, -8*d + 3*x + 790 = -g*d. List the prime factors of d.
5, 31
Suppose -3*n + 24 = n. Suppose 4*v + 2*s - 14 = 0, 4*v + n*s = s + 17. Suppose 3*b + v*h - 72 = 0, -116 = -5*b - h - 0. What are the prime factors of b?
23
Let v(w) be the first derivative of w**2/2 + 12*w + 19. List the prime factors of v(-5).
7
Let a(q) = 15*q**2 + 2*q + 1. Let r be a(-1). Let i be 78/4*r/21. Let t = -1 + i. List the prime factors of t.
2, 3
Suppose -73*p - 84 = -76*p. What are the prime factors of p?